{"id":963,"date":"2026-03-20T01:16:41","date_gmt":"2026-03-19T22:16:41","guid":{"rendered":"https:\/\/progemmakina.com\/?page_id=963"},"modified":"2026-03-20T01:21:38","modified_gmt":"2026-03-19T22:21:38","slug":"fiskiyeli-on-yikama-sarsak-elek","status":"publish","type":"page","link":"https:\/\/progemmakina.com\/index.php\/fiskiyeli-on-yikama-sarsak-elek\/","title":{"rendered":"F\u0131skiyeli \u00d6n Y\u0131kama Sarsak Elek"},"content":{"rendered":"\t\t<div data-elementor-type=\"wp-page\" data-elementor-id=\"963\" class=\"elementor elementor-963\">\n\t\t\t\t<div class=\"elementor-element elementor-element-4c23730 e-flex e-con-boxed e-con e-parent\" data-id=\"4c23730\" data-element_type=\"container\" data-e-type=\"container\" data-settings=\"{&quot;background_background&quot;:&quot;classic&quot;}\">\n\t\t\t\t\t<div class=\"e-con-inner\">\n\t\t<div class=\"elementor-element elementor-element-8ffc026 e-con-full e-flex e-con e-child\" data-id=\"8ffc026\" data-element_type=\"container\" data-e-type=\"container\" data-settings=\"{&quot;background_background&quot;:&quot;classic&quot;}\">\n\t\t\t\t<div class=\"elementor-element elementor-element-98f92eb elementor-widget elementor-widget-heading\" data-id=\"98f92eb\" data-element_type=\"widget\" data-e-type=\"widget\" data-widget_type=\"heading.default\">\n\t\t\t\t\t<h1 class=\"elementor-heading-title elementor-size-default\">F\u0131skiyeli \u00d6n Y\u0131kama Sarsak Elek<\/h1>\t\t\t\t<\/div>\n\t\t\t\t<div class=\"elementor-element elementor-element-2cbcbcd elementor-widget elementor-widget-heading\" data-id=\"2cbcbcd\" data-element_type=\"widget\" data-e-type=\"widget\" data-widget_type=\"heading.default\">\n\t\t\t\t\t<h3 class=\"elementor-heading-title elementor-size-default\">\u00d6n Temizleme ve Y\u0131kama \u0130\u00e7in Entegre Sistem<\/h3>\t\t\t\t<\/div>\n\t\t\t\t<\/div>\n\t\t\t\t\t<\/div>\n\t\t\t\t<\/div>\n\t\t<div class=\"elementor-element elementor-element-e7f9d3c e-flex e-con-boxed e-con e-parent\" data-id=\"e7f9d3c\" data-element_type=\"container\" data-e-type=\"container\" data-settings=\"{&quot;background_background&quot;:&quot;classic&quot;}\">\n\t\t\t\t\t<div class=\"e-con-inner\">\n\t\t<div class=\"elementor-element elementor-element-0a748d1 e-con-full e-flex e-con e-child\" data-id=\"0a748d1\" data-element_type=\"container\" data-e-type=\"container\">\n\t\t\t\t<div class=\"elementor-element elementor-element-cb823e3 elementor-widget__width-initial elementor-widget elementor-widget-image\" data-id=\"cb823e3\" data-element_type=\"widget\" data-e-type=\"widget\" data-widget_type=\"image.default\">\n\t\t\t\t\t\t\t\t\t\t\t\t\t\t\t<img fetchpriority=\"high\" decoding=\"async\" width=\"1200\" height=\"900\" src=\"https:\/\/progemmakina.com\/wp-content\/uploads\/2026\/03\/Untitled-20260319-160612-9346-1200x900.jpg\" class=\"attachment-large size-large wp-image-965\" alt=\"F\u0131skiyeli \u00d6n Y\u0131kama Sarsak Elek - 1\" srcset=\"https:\/\/progemmakina.com\/wp-content\/uploads\/2026\/03\/Untitled-20260319-160612-9346-1200x900.jpg 1200w, https:\/\/progemmakina.com\/wp-content\/uploads\/2026\/03\/Untitled-20260319-160612-9346-500x375.jpg 500w, https:\/\/progemmakina.com\/wp-content\/uploads\/2026\/03\/Untitled-20260319-160612-9346-300x225.jpg 300w, https:\/\/progemmakina.com\/wp-content\/uploads\/2026\/03\/Untitled-20260319-160612-9346-768x576.jpg 768w, https:\/\/progemmakina.com\/wp-content\/uploads\/2026\/03\/Untitled-20260319-160612-9346-100x75.jpg 100w, https:\/\/progemmakina.com\/wp-content\/uploads\/2026\/03\/Untitled-20260319-160612-9346-700x525.jpg 700w\" sizes=\"(max-width:767px) 700px, (max-width:1200px) 100vw, 1200px\" \/>\t\t\t\t\t\t\t\t\t\t\t\t\t\t\t<\/div>\n\t\t<div class=\"elementor-element elementor-element-f2197dd e-con-full e-flex e-con e-child\" data-id=\"f2197dd\" data-element_type=\"container\" data-e-type=\"container\">\n\t\t\t\t<div class=\"elementor-element elementor-element-4891da1 elementor-widget elementor-widget-heading\" data-id=\"4891da1\" data-element_type=\"widget\" data-e-type=\"widget\" data-widget_type=\"heading.default\">\n\t\t\t\t\t<h3 class=\"elementor-heading-title elementor-size-default\">\u00dcr\u00fcnlerin \u00f6n temizli\u011fini sa\u011flayan, f\u0131skiye destekli y\u0131kama ve eleme sistemi.<\/h3>\t\t\t\t<\/div>\n\t\t\t\t<div class=\"elementor-element elementor-element-f555539 elementor-widget elementor-widget-text-editor\" data-id=\"f555539\" data-element_type=\"widget\" data-e-type=\"widget\" data-widget_type=\"text-editor.default\">\n\t\t\t\t\t\t\t\t\t<p data-start=\"196\" data-end=\"367\">F\u0131skiyeli \u00d6n Y\u0131kama Sarsak Elek, \u00fcr\u00fcnlerin i\u015fleme hatt\u0131na girmeden \u00f6nce kaba kir, toz ve yabanc\u0131 maddelerden ar\u0131nd\u0131r\u0131lmas\u0131n\u0131 sa\u011flayan etkili bir \u00f6n temizleme sistemidir.<\/p><p data-start=\"369\" data-end=\"527\">F\u0131skiye sistemi ile \u00fcr\u00fcn \u00fczerine kontroll\u00fc su p\u00fcsk\u00fcrt\u00fclerek y\u00fczey temizli\u011fi sa\u011flan\u0131rken, vibrasyonlu sarsak yap\u0131 sayesinde istenmeyen par\u00e7alar ayr\u0131\u015ft\u0131r\u0131l\u0131r.<\/p><p data-start=\"529\" data-end=\"720\">Sistem, farkl\u0131 \u00fcr\u00fcn gruplar\u0131na ve kapasite ihtiya\u00e7lar\u0131na uygun olarak \u00f6zel \u00f6l\u00e7\u00fclerde \u00fcretilebilmekte olup, tamamen g\u0131da standartlar\u0131na uygun 304 kalite paslanmaz \u00e7elikten imal edilmektedir.<\/p><p data-start=\"722\" data-end=\"845\">Homojen y\u0131kama, y\u00fcksek verimlilik ve kolay bak\u0131m avantajlar\u0131 ile \u00fcretim hatt\u0131n\u0131n ilk a\u015famas\u0131nda maksimum performans sa\u011flar.<\/p>\t\t\t\t\t\t\t\t<\/div>\n\t\t\t\t<\/div>\n\t\t\t\t<\/div>\n\t\t\t\t\t<\/div>\n\t\t\t\t<\/div>\n\t\t<div class=\"elementor-element elementor-element-91547d1 e-flex e-con-boxed e-con e-parent\" data-id=\"91547d1\" data-element_type=\"container\" data-e-type=\"container\" data-settings=\"{&quot;background_background&quot;:&quot;classic&quot;}\">\n\t\t\t\t\t<div class=\"e-con-inner\">\n\t\t<div class=\"elementor-element elementor-element-2a6d081 e-con-full e-flex e-con e-child\" data-id=\"2a6d081\" data-element_type=\"container\" data-e-type=\"container\">\n\t\t\t\t<div class=\"elementor-element elementor-element-3fd9c0a elementor-widget elementor-widget-heading\" data-id=\"3fd9c0a\" data-element_type=\"widget\" data-e-type=\"widget\" data-widget_type=\"heading.default\">\n\t\t\t\t\t<h3 class=\"elementor-heading-title elementor-size-default\">Projeniz \u0130\u00e7in Do\u011fru \u00c7\u00f6z\u00fcm Orta\u011f\u0131n\u0131 Se\u00e7in<\/h3>\t\t\t\t<\/div>\n\t\t\t\t<div class=\"elementor-element elementor-element-ee81211 elementor-widget elementor-widget-text-editor\" data-id=\"ee81211\" data-element_type=\"widget\" data-e-type=\"widget\" data-widget_type=\"text-editor.default\">\n\t\t\t\t\t\t\t\t\t<p>Progem Makina, \u00fcretim s\u00fcre\u00e7lerinizi optimize eden \u00f6zel makina ve hat \u00e7\u00f6z\u00fcmleri sunar.<br data-start=\"350\" data-end=\"353\" \/>\u0130htiyac\u0131n\u0131za en uygun sistemi birlikte planlayal\u0131m.<\/p>\t\t\t\t\t\t\t\t<\/div>\n\t\t\t\t<div class=\"elementor-element elementor-element-e2b8149 elementor-align-center elementor-widget elementor-widget-button\" data-id=\"e2b8149\" data-element_type=\"widget\" data-e-type=\"widget\" data-widget_type=\"button.default\">\n\t\t\t\t\t\t\t\t\t\t<a class=\"elementor-button elementor-button-link elementor-size-sm\" href=\"https:\/\/progemmakina.com\/index.php\/contact#con\">\n\t\t\t\t\t\t<span class=\"elementor-button-content-wrapper\">\n\t\t\t\t\t\t\t\t\t<span class=\"elementor-button-text\">Teklif Al<\/span>\n\t\t\t\t\t<\/span>\n\t\t\t\t\t<\/a>\n\t\t\t\t\t\t\t\t<\/div>\n\t\t\t\t<\/div>\n\t\t\t\t\t<\/div>\n\t\t\t\t<\/div>\n\t\t<div class=\"elementor-element elementor-element-3705e8b6 e-flex e-con-boxed e-con e-parent\" data-id=\"3705e8b6\" data-element_type=\"container\" data-e-type=\"container\" data-settings=\"{&quot;background_background&quot;:&quot;classic&quot;}\">\n\t\t\t\t\t<div class=\"e-con-inner\">\n\t\t<div class=\"elementor-element elementor-element-19cc678f e-con-full e-flex e-con e-child\" data-id=\"19cc678f\" data-element_type=\"container\" data-e-type=\"container\" data-settings=\"{&quot;background_background&quot;:&quot;classic&quot;}\">\n\t\t<div class=\"elementor-element elementor-element-5706dd47 e-con-full e-flex e-con e-child\" data-id=\"5706dd47\" data-element_type=\"container\" data-e-type=\"container\" data-settings=\"{&quot;background_background&quot;:&quot;classic&quot;}\">\n\t\t\t\t<div class=\"elementor-element elementor-element-2e5eb31 elementor-widget elementor-widget-image\" data-id=\"2e5eb31\" data-element_type=\"widget\" data-e-type=\"widget\" data-widget_type=\"image.default\">\n\t\t\t\t\t\t\t\t\t\t\t\t\t\t\t<img decoding=\"async\" src=\"https:\/\/progemmakina.com\/wp-content\/uploads\/2025\/12\/hardwarestore-quoteicon.svg\" title=\"\" alt=\"\" loading=\"lazy\" \/>\t\t\t\t\t\t\t\t\t\t\t\t\t\t\t<\/div>\n\t\t\t\t<div class=\"elementor-element elementor-element-33fef700 elementor-widget elementor-widget-heading\" data-id=\"33fef700\" data-element_type=\"widget\" data-e-type=\"widget\" data-widget_type=\"heading.default\">\n\t\t\t\t\t<h4 class=\"elementor-heading-title elementor-size-default\">Neden Progem Makina?<\/h4>\t\t\t\t<\/div>\n\t\t\t\t<div class=\"elementor-element elementor-element-157ebaee elementor-widget elementor-widget-heading\" data-id=\"157ebaee\" data-element_type=\"widget\" data-e-type=\"widget\" data-widget_type=\"heading.default\">\n\t\t\t\t\t<p class=\"elementor-heading-title elementor-size-default\">50+ Y\u0131ll\u0131k Tecr\u00fcbe<\/p>\t\t\t\t<\/div>\n\t\t\t\t<\/div>\n\t\t\t\t<\/div>\n\t\t<div class=\"elementor-element elementor-element-6b4fd088 e-con-full e-flex e-con e-child\" data-id=\"6b4fd088\" data-element_type=\"container\" data-e-type=\"container\" data-settings=\"{&quot;background_background&quot;:&quot;classic&quot;}\">\n\t\t\t\t<div class=\"elementor-element elementor-element-b0b52af elementor-widget elementor-widget-text-editor\" data-id=\"b0b52af\" data-element_type=\"widget\" data-e-type=\"widget\" data-widget_type=\"text-editor.default\">\n\t\t\t\t\t\t\t\t\t<p data-start=\"583\" data-end=\"758\"><strong data-start=\"583\" data-end=\"600\">Progem Makina<\/strong>, g\u0131da, kimya ve end\u00fcstriyel \u00fcretim alanlar\u0131nda uzun y\u0131llara dayanan tecr\u00fcbesi ile m\u00fc\u015fterilerine y\u00fcksek verimlilik ve s\u00fcrd\u00fcr\u00fclebilir \u00fcretim \u00e7\u00f6z\u00fcmleri sunar.<\/p><p data-start=\"760\" data-end=\"899\">Projeye \u00f6zel makina tasar\u0131m\u0131, kaliteli paslanmaz \u00e7elik kullan\u0131m\u0131 ve g\u00fc\u00e7l\u00fc teknik servis altyap\u0131s\u0131 ile \u00fcretim s\u00fcre\u00e7lerinizi optimize eder.<\/p><p data-start=\"901\" data-end=\"1042\">Her projeyi bir i\u015f ortakl\u0131\u011f\u0131 olarak g\u00f6ren yakla\u015f\u0131m\u0131m\u0131z sayesinde, ihtiya\u00e7lar\u0131n\u0131za en uygun sistemi tasarlar ve uzun vadeli \u00e7\u00f6z\u00fcmler \u00fcretiriz.<\/p><h3 data-section-id=\"1yrxnjb\" data-start=\"1131\" data-end=\"1153\">\u2714\ufe0f Avantaj Listesi<\/h3><ul data-start=\"1155\" data-end=\"1358\"><li data-section-id=\"byr5bq\" data-start=\"1155\" data-end=\"1194\"><p data-start=\"1157\" data-end=\"1194\">\u2714\ufe0f 304 &amp; 316 Paslanmaz \u00c7elik \u00dcretim<\/p><\/li><li data-section-id=\"17lurs2\" data-start=\"1195\" data-end=\"1228\"><p data-start=\"1197\" data-end=\"1228\">\u2714\ufe0f \u00d6zel Proje ve Hat Tasar\u0131m\u0131<\/p><\/li><li data-section-id=\"13aixf8\" data-start=\"1229\" data-end=\"1270\"><p data-start=\"1231\" data-end=\"1270\">\u2714\ufe0f Uluslararas\u0131 Standartlara Uygunluk<\/p><\/li><li data-section-id=\"1ibz1ta\" data-start=\"1271\" data-end=\"1313\"><p data-start=\"1273\" data-end=\"1313\">\u2714\ufe0f S\u00fcrekli Teknik Servis &amp; Yedek Par\u00e7a<\/p><\/li><li data-section-id=\"1jgpl7e\" data-start=\"1314\" data-end=\"1358\"><p data-start=\"1316\" data-end=\"1358\">\u2714\ufe0f G\u0131da ve Kimya Sekt\u00f6r\u00fcne \u00d6zel \u00c7\u00f6z\u00fcmler<\/p><\/li><\/ul>\t\t\t\t\t\t\t\t<\/div>\n\t\t\t\t<\/div>\n\t\t\t\t\t<\/div>\n\t\t\t\t<\/div>\n\t\t<div class=\"elementor-element elementor-element-4b3bba3f e-flex e-con-boxed e-con e-parent\" data-id=\"4b3bba3f\" data-element_type=\"container\" data-e-type=\"container\" data-settings=\"{&quot;background_background&quot;:&quot;classic&quot;}\">\n\t\t\t\t\t<div class=\"e-con-inner\">\n\t\t<div class=\"elementor-element elementor-element-1171a7ab e-con-full e-flex e-con e-child\" data-id=\"1171a7ab\" data-element_type=\"container\" data-e-type=\"container\">\n\t\t\t\t<div class=\"elementor-element elementor-element-339eb95 elementor-widget elementor-widget-image\" data-id=\"339eb95\" data-element_type=\"widget\" data-e-type=\"widget\" data-widget_type=\"image.default\">\n\t\t\t\t\t\t\t\t\t\t\t\t\t\t\t<img decoding=\"async\" width=\"1000\" height=\"1000\" src=\"https:\/\/progemmakina.com\/wp-content\/uploads\/2026\/03\/Untitled-20260319-231600-5727.png\" class=\"attachment-large size-large wp-image-889\" alt=\"\" srcset=\"https:\/\/progemmakina.com\/wp-content\/uploads\/2026\/03\/Untitled-20260319-231600-5727.png 1000w, https:\/\/progemmakina.com\/wp-content\/uploads\/2026\/03\/Untitled-20260319-231600-5727-500x500.png 500w, https:\/\/progemmakina.com\/wp-content\/uploads\/2026\/03\/Untitled-20260319-231600-5727-300x300.png 300w, https:\/\/progemmakina.com\/wp-content\/uploads\/2026\/03\/Untitled-20260319-231600-5727-768x768.png 768w, https:\/\/progemmakina.com\/wp-content\/uploads\/2026\/03\/Untitled-20260319-231600-5727-150x150.png 150w, https:\/\/progemmakina.com\/wp-content\/uploads\/2026\/03\/Untitled-20260319-231600-5727-75x75.png 75w, https:\/\/progemmakina.com\/wp-content\/uploads\/2026\/03\/Untitled-20260319-231600-5727-700x700.png 700w\" sizes=\"(max-width:767px) 700px, (max-width:1000px) 100vw, 1000px\" \/>\t\t\t\t\t\t\t\t\t\t\t\t\t\t\t<\/div>\n\t\t\t\t<\/div>\n\t\t<div class=\"elementor-element elementor-element-41917d95 e-con-full e-flex e-con e-child\" data-id=\"41917d95\" data-element_type=\"container\" data-e-type=\"container\">\n\t\t\t\t<div class=\"elementor-element elementor-element-277b6767 elementor-widget elementor-widget-heading\" data-id=\"277b6767\" data-element_type=\"widget\" data-e-type=\"widget\" data-widget_type=\"heading.default\">\n\t\t\t\t\t<h3 class=\"elementor-heading-title elementor-size-default\">\u00dcretim S\u00fcre\u00e7lerinizi Daha Verimli Hale Getirin<\/h3>\t\t\t\t<\/div>\n\t\t\t\t<div class=\"elementor-element elementor-element-405786f0 elementor-widget elementor-widget-text-editor\" data-id=\"405786f0\" data-element_type=\"widget\" data-e-type=\"widget\" data-widget_type=\"text-editor.default\">\n\t\t\t\t\t\t\t\t\t<p data-start=\"372\" data-end=\"503\">Progem Makina, \u00fcretim hatlar\u0131n\u0131z\u0131 optimize eden \u00f6zel \u00e7\u00f6mler sunar.<br data-start=\"343\" data-end=\"346\" \/>Y\u00fcksek kalite paslanmaz malzeme, m\u00fchendislik g\u00fcc\u00fc ve tecr\u00fcbe ile maksimum verim elde etmenizi sa\u011flar.<\/p>\t\t\t\t\t\t\t\t<\/div>\n\t\t\t\t<div class=\"elementor-element elementor-element-1a19ee54 elementor-align-left elementor-widget elementor-widget-button\" data-id=\"1a19ee54\" data-element_type=\"widget\" data-e-type=\"widget\" data-widget_type=\"button.default\">\n\t\t\t\t\t\t\t\t\t\t<a class=\"elementor-button elementor-button-link elementor-size-sm\" href=\"https:\/\/progemmakina.com\/index.php\/contact#con\">\n\t\t\t\t\t\t<span class=\"elementor-button-content-wrapper\">\n\t\t\t\t\t\t\t\t\t<span class=\"elementor-button-text\">Teklif Al<\/span>\n\t\t\t\t\t<\/span>\n\t\t\t\t\t<\/a>\n\t\t\t\t\t\t\t\t<\/div>\n\t\t\t\t<\/div>\n\t\t\t\t\t<\/div>\n\t\t\t\t<\/div>\n\t\t\t\t<\/div>\n\t\t","protected":false},"excerpt":{"rendered":"<p>F\u0131skiyeli \u00d6n Y\u0131kama Sarsak Elek \u00d6n Temizleme ve Y\u0131kama \u0130\u00e7in Entegre Sistem \u00dcr\u00fcnlerin \u00f6n temizli\u011fini sa\u011flayan, f\u0131skiye destekli y\u0131kama ve eleme sistemi. F\u0131skiyeli \u00d6n Y\u0131kama Sarsak<span class=\"excerpt-hellip\"> [\u2026]<\/span><\/p>\n","protected":false},"author":1,"featured_media":0,"parent":0,"menu_order":0,"comment_status":"open","ping_status":"closed","template":"","meta":{"footnotes":""},"class_list":["post-963","page","type-page","status-publish","hentry"],"_links":{"self":[{"href":"https:\/\/progemmakina.com\/index.php\/wp-json\/wp\/v2\/pages\/963","targetHints":{"allow":["GET"]}}],"collection":[{"href":"https:\/\/progemmakina.com\/index.php\/wp-json\/wp\/v2\/pages"}],"about":[{"href":"https:\/\/progemmakina.com\/index.php\/wp-json\/wp\/v2\/types\/page"}],"author":[{"embeddable":true,"href":"https:\/\/progemmakina.com\/index.php\/wp-json\/wp\/v2\/users\/1"}],"replies":[{"embeddable":true,"href":"https:\/\/progemmakina.com\/index.php\/wp-json\/wp\/v2\/comments?post=963"}],"version-history":[{"count":7,"href":"https:\/\/progemmakina.com\/index.php\/wp-json\/wp\/v2\/pages\/963\/revisions"}],"predecessor-version":[{"id":976,"href":"https:\/\/progemmakina.com\/index.php\/wp-json\/wp\/v2\/pages\/963\/revisions\/976"}],"wp:attachment":[{"href":"https:\/\/progemmakina.com\/index.php\/wp-json\/wp\/v2\/media?parent=963"}],"curies":[{"name":"wp","href":"https:\/\/api.w.org\/{rel}","templated":true}]}}